t common factor of 121 and a?
11
Suppose -4*x + 2*k = -154, -4*x + 19*k + 145 = 14*k. Calculate the highest common factor of 30 and x.
10
Suppose -2*k - s + 21 + 13 = 0, -90 = -5*k - 5*s. Let r = k + -11. Suppose -7 = 3*i - 2*i + r*x, -i = -4*x - 29. What is the greatest common factor of i and 13?
13
Let k be 623774/1066 - (-2)/(-13). Calculate the highest common factor of 18 and k.
9
Let p = -15 - -15. Suppose p = -o - 4*o. Suppose o = 3*i + j - 13, -i + 3*j - 1 = 6*j. What is the greatest common factor of i and 45?
5
Let p = 728 + -705. Calculate the greatest common factor of 115 and p.
23
Suppose 0 = -9*u + 10*u - 32. What is the greatest common divisor of u and 2?
2
Suppose -7*j = -6*j - 3*s - 102, -401 = -4*j + 5*s. Calculate the highest common factor of j and 63.
9
Suppose 0 = -4*i + i + 12. Let t = -653 + 655. What is the greatest common factor of t and i?
2
Suppose -5*r + 79 = 4*x, 2*x + 103 = 5*r - 0*x. Let c = 30 - r. Calculate the highest common divisor of c and 55.
11
Let q be (-170)/(-4)*(-4)/(-5). Let n be (-2)/(-3) + 759/9. What is the highest common divisor of n and q?
17
Let n be 136/(-1156) + (-886)/(-17). Calculate the greatest common divisor of 52 and n.
52
Let m be (-30)/6 + 2 + (-2 - 1). Let o = m + 34. What is the greatest common divisor of o and 14?
14
Let d(x) = -4*x - 7. Let c be d(11). Let a = c + 84. What is the greatest common factor of 11 and a?
11
Let k(s) = s**2 + 10*s + 14. Let v = -22 + 13. Let g be k(v). Suppose 5*b - 239 = -w + g, b + 1324 = 5*w. Calculate the highest common divisor of w and 33.
33
Suppose 8*m = 14*m + 42. Let t = m - -13. Calculate the greatest common factor of 18 and t.
6
Let l = -3020 - -3155. Suppose -2*h = -4*h + 30. Calculate the highest common divisor of l and h.
15
Suppose 103 = 5*c - 3*l + 24, -3*l + 33 = 3*c. Let x = 1590 + -1569. Calculate the greatest common divisor of c and x.
7
Let h = 419 + -362. Calculate the greatest common factor of h and 3.
3
Suppose 48 = 2*i + 5*j - 0*j, -4*i + 5*j + 36 = 0. Let c(k) = 20*k**2 - 12*k + 10. Let a be c(3). What is the highest common divisor of i and a?
14
Suppose 0 = 24*q - 745 - 1415. Let d(j) = j**3 + 3 + 5*j**2 - 7*j + 2 - 1. Let h be d(-6). Calculate the highest common divisor of q and h.
10
Let j = -18 - -39. Let t be (-56)/j + (-2)/(-3). Let m be (-5)/t*(-24)/(-10). What is the highest common divisor of 12 and m?
6
Suppose -p = 4 - 0. Let w = 13 + p. Let n be 39 + 2*(-15)/10. Calculate the greatest common divisor of n and w.
9
Let z(t) = -4*t - 13. Let a(f) = -5*f - 13. Let h(j) = -6*a(j) + 7*z(j). Let o be h(11). Calculate the highest common divisor of o and 117.
9
Suppose 405 = 9*a + 6*a. What is the greatest common factor of a and 36?
9
Let n = -166 + 167. What is the highest common factor of 35 and n?
1
Let b be -4*-1*4/16. Let n = b - -10. Let x = 5 + n. What is the highest common divisor of 80 and x?
16
Let k(v) = -v**3 - 2*v**2 + 10*v + 5. Let w(p) = -2*p + 3. Let c be w(4). Let d be k(c). Calculate the highest common divisor of 6 and d.
6
Suppose -4*d + 4 = 2*h, 38 - 35 = 3*d - 4*h. Calculate the greatest common factor of d and 283.
1
Let o(h) = -4*h**2 + 17*h - 3. Let g(m) = -2*m**2 + 8*m - 1. Let x(l) = -14*g(l) + 6*o(l). Let s be x(4). What is the greatest common factor of s and 100?
20
Let g be 15 + (5 - 4)/(-1). Let j = -10 + g. Let x be 1/(j/(-64)*-2). Calculate the greatest common divisor of x and 32.
8
Let u = 313 - 474. Let m = u + 396. What is the highest common divisor of m and 47?
47
Let w be (-4844)/(-11) - 276/759. Calculate the highest common factor of 88 and w.
88
Let l be (-12)/(225/(-162) + (-2)/18). Let g(y) = 2*y - 6 + y**3 + 0 + 0*y**3 - 8*y**2. Let t be g(l). Calculate the greatest common divisor of 4 and t.
2
Let m = -42 - -53. Calculate the highest common factor of m and 594.
11
Let i = -2 + 3. Suppose -115 = 5*q + 4*s, 4*q - q + 2*s = -67. Let u = q + 23. Calculate the greatest common divisor of i and u.
1
Suppose 2*n - 61 = 23. Let v be 28/n - (-20)/6. Let u be v/(4 - 8) + 28. What is the highest common factor of u and 216?
27
Suppose -9*c - 10 = -4*c. Let h be (-3 - -1)/(6 + -8). Let r be c + h + 2 + 1. Calculate the greatest common divisor of r and 2.
2
Let u(c) = -c**2 + 11*c. Let d be u(11). Let k = d - -80. What is the highest common factor of 10 and k?
10
Let m(o) = 2*o**2 - 12*o - 373. Let t be m(26). Calculate the greatest common divisor of t and 29.
29
Let z(w) = 2*w - 13. Let n be z(9). Let b = 66 - 11. What is the highest common divisor of n and b?
5
Let n be (-3*3)/(162/48 + -3). Let h = 38 + n. Calculate the greatest common factor of 154 and h.
14
Let r(d) = d**2 - 3. Let f be r(3). Let c = -11 + 6. Let z(w) = -8*w - 25. Let a be z(c). What is the greatest common factor of f and a?
3
Let s be 3/(-4)*2 + 46740/328. What is the greatest common factor of 6 and s?
3
Suppose -4*y + 4*p = 0, 2*y = -y - 2*p + 20. Suppose -u = -y*u + 15. Suppose 5*b - 85 = 5*f + u, -b - f = -14. Calculate the highest common factor of 80 and b.
16
Let a(v) = v**3 + 2*v**2 - 3*v + 2. Let n be a(2). Let k = 26 + -26. Let y = k + 48. What is the highest common divisor of n and y?
12
Let q = -47 - -48. Suppose -2*m = -19 + q. Calculate the greatest common factor of m and 36.
9
Let i be (-5 - -5)/(1 - 3). Suppose -o - 18 = -3*c - 66, i = 2*c + 10. Calculate the highest common divisor of o and 33.
33
Let l = -11 + 13. Suppose -4*q + 16 = -0*z + l*z, 4*z + q = 25. Let y = z - -11. Calculate the highest common factor of y and 187.
17
Let s(k) = k**3 - 4*k**2 - 2*k + 9. Let l(n) = -n + 1. Let b = 3 - 8. Let f be l(b). Let z be s(f). What is the greatest common divisor of 23 and z?
23
Let w be (-13)/((-143)/(-44)) + (-126)/(-2). What is the highest common factor of w and 649?
59
Let a = 8 + -1. Suppose -3*n + 4*n = 91. What is the highest common factor of n and a?
7
Let f be (0 - -1)/((-2)/(-54)). Let n(o) = 5*o - 2. Let l be 6 + (-6)/(4 + -1). Let a be n(l). What is the greatest common factor of f and a?
9
Let q(a) = -5*a**2 + 179*a + 38. Let h be q(36). Suppose -4*f = -0*f - 24. Calculate the greatest common divisor of h and f.
2
Let i(m) = m**2 - 17*m + 19. Let y be i(13). Let a be 90/(-11) + (-6)/y. Let k be (-1)/(-1) + 0/a. Calculate the greatest common factor of 4 and k.
1
Let h be 1 + -4 + (23 + -437)/(-18). Calculate the greatest common divisor of 4 and h.
4
Let n = -102 - -282. What is the greatest common divisor of 255 and n?
15
Let r = 1759 + -1735. What is the greatest common factor of r and 1500?
12
Let y(h) = -3*h**2 - 7*h - h**2 - 1 - 3 - h**3. Let d be y(-5). Let k be (9 - (-12)/(-6)) + (-3 - -4). What is the greatest common divisor of d and k?
8
Suppose -8*u + 6*u + 5*a + 90 = 0, -3*u - 3*a = -114. Let l be 4 + 0 - (2 + -1). Suppose -80 = l*s - 8*s. Calculate the greatest common divisor of s and u.
8
Let b = -587 - -839. Suppose w - b = -w. Calculate the highest common divisor of w and 84.
42
Suppose 216 - 576 = -10*i. Calculate the greatest common factor of i and 24.
12
Suppose -7*p + 320 = 3*p. Calculate the greatest common factor of p and 2.
2
Suppose -3 - 12 = -i. Let a be (-12)/(-18)*9/(-2). Let o be 1/(0 + (8/(-3) - a)). What is the highest common divisor of i and o?
3
Suppose -2*n = d - 20, -3*n - 3 = -d + 2. Let u be 6*4/(-6)*(-315)/10. What is the greatest common divisor of u and d?
14
Suppose 9*o - 3356 = -332. What is the greatest common factor of o and 378?
42
Let u be (-3171)/(-27) + ((-288)/81)/8. Calculate the greatest common divisor of 225 and u.
9
Let a be (-3 + 99)/6 - -6. What is the greatest common factor of a and 418?
22
Suppose -4*w + 1068 + 840 = 5*p, 5*w = -4*p + 1530. What is the greatest common factor of p and 38?
38
Let n be (8/(-10))/(8*(-14)/13440). Let a(m) = 3*m**2 + 8*m - 4. Let k be a(-6). Let o = k - 32. Calculate the greatest common factor of n and o.
24
Suppose -2*r + c + 2*c + 276 = 0, -5*c = 10. Let o be 15*4*(-10)/(-25). Let u = 3 + o. What is the greatest common factor of u and r?
27
Let o be 14/(-84)*1 + (-1303)/(-6). What is the highest common divisor of 7 and o?
7
Suppose 0 = 3*b - u - u - 11, 4*b - 4*u = 12. Suppose 0*j + 100 = b*j. What is the greatest common factor of 10 and j?
10
Let x(s) = 18*s - 7. Suppose -5*l - k = -4, 2*k + 7 = 3*l - 2*k. Let j be x(l